 a prime number?
False
Is 239121 - (1 - -11 - (-108 - -118)) prime?
True
Suppose 8*o + 2*g = 5*o + 9, 2*o + 3*g - 6 = 0. Suppose -3*a = o*v - 6864, -4*a - v + 9197 = -6*v. Is a composite?
False
Suppose -2452474 - 1933757 = -78*l + 9997437. Is l a composite number?
True
Is 1046094/56*((-120)/9)/(-10) composite?
False
Let l(s) = -8*s**3 + 19*s**2 + 22*s - 58. Let v be l(-31). Suppose -33*b + 136424 = -v. Is b a prime number?
True
Is 1585524/((-180)/(-15)) + 0 + 0 prime?
False
Suppose -6*d - 128 = -22*d. Suppose -7*u + d*u = 2. Is u/(-3)*1 - (-2818)/6 a prime number?
False
Let r be 0 + (-1 - 1) - (-21 - 30). Suppose 14*q - 875 + r = 0. Is q a composite number?
False
Let g(s) = -10129*s - 3945. Is g(-4) a composite number?
False
Suppose p + 337195 = 3*i - 156139, -2*i - 5*p + 328912 = 0. Is i composite?
True
Let l = -12 - -8. Let d be (l + -22)*(-206)/4. Suppose 4*i - d = 1465. Is i prime?
True
Let b = 21 - 8. Suppose -b*p + 17*p = 360. Suppose 2*t = -2*q + 92, -2*q - 4*t = -0*q - p. Is q a composite number?
False
Suppose r + 19 - 1 = -4*x, 0 = 5*r + 3*x + 5. Suppose 2*u - 4*u - 7376 = -r*a, 0 = -2*a - 3*u + 7391. Is a prime?
True
Suppose 16*d - d = -8*d - 13777. Let o(a) = -249*a + 6. Let m be o(6). Let u = d - m. Is u prime?
False
Let i be (1 - 10) + 4 + -3. Let g(a) = -a**3 + 7*a**2 - 13*a - 31. Let s(c) = 2*c**3 - 6*c**2 + 14*c + 32. Let j(n) = -5*g(n) - 4*s(n). Is j(i) composite?
False
Let f = -24900 + 97681. Is f prime?
False
Suppose 31 - 59 = -d. Suppose -d - 32 = -12*q. Suppose 4*r + 7679 = q*u, 6*u + r = 4*u + 3069. Is u a composite number?
True
Suppose -p + 122 = s, 3*p - 2*p - 2*s = 119. Let v(m) = 332*m**2 + 10*m + 10. Let l be v(-1). Let y = l - p. Is y a prime number?
True
Let t(g) = 2*g**2 + 34*g + 129. Let y(s) = s**2 + 6*s + 1. Let h(d) = -t(d) + y(d). Is h(-17) prime?
True
Suppose 4*g + 308 = -5*s + 1168, -3*s = -4*g + 828. Suppose g*o = 204*o + 33042. Is o prime?
True
Suppose 3*m - 3*y = 48, -y - 3 - 1 = 0. Suppose h - 20 = -3*r + 6, -m = -3*r. Suppose -2*o + h = -3*i, -8 + 3 = -o + 2*i. Is o a composite number?
False
Let k(h) = -425304*h - 3185. Is k(-2) a composite number?
False
Suppose 13909 = -9*m + 98572. Suppose -35025 - m = -16*o. Is o a prime number?
True
Suppose 3*w - 4*z - 1020 = 1489667, 3*w - 1490672 = z. Is w a prime number?
True
Let v(w) = -3*w**3 + 48*w**2 + 5. Let c be v(16). Suppose -5*b + 3330 = -5*j, c*j - 1020 = 4*b - 3688. Is b composite?
True
Let o be (-2)/(-11) + (248/44)/2. Let f be 1 + (-3 - (o - 12)). Suppose -f*x + 6863 = 829. Is x a prime number?
False
Suppose -4*n - 63 - 37 = 0. Let d = n + 21. Is d/(-10) - (-3789)/15 a prime number?
False
Is (1*21/(-12))/(4/2402256*-3) composite?
True
Suppose -22*b - 189 = -35. Is b + 7 + -6 - -2315 a prime number?
True
Let a(v) = -20*v**3 - 13*v**2 + 41*v - 283. Is a(-17) composite?
False
Let t(i) = 103*i**2 - 86*i - 36. Is t(25) a composite number?
False
Let t(i) = -5*i + 97. Let s be t(11). Is (5/(-3) + 57757/s)*2 a composite number?
True
Suppose 2*y - 229805 + 55022 = 93451. Is y composite?
True
Let h(d) = 271*d**2 - 3*d - 49. Let f(x) = 271*x**2 - 3*x - 50. Let o(a) = -2*f(a) + 3*h(a). Is o(-5) prime?
False
Let f(b) = 11048*b**3 + 2*b**2 + 16*b - 85. Is f(3) a prime number?
False
Let f = 2 - 0. Suppose f*j - 4 = 8. Is 1104 - j/(-2) - -2 a prime number?
True
Suppose -2738381 = -160*n + 33950101 - 3101762. Is n composite?
False
Suppose 63*h + 2*b - 28 = 58*h, 4*b = -5*h + 26. Suppose 0 = -2*j - h*j + 42648. Is j a composite number?
True
Let u = -673 + -1820. Let r = -800 - u. Is r prime?
True
Suppose 2*r + 214757 = 9*r + 12*r. Is r prime?
False
Suppose 0 = 5*v + 5*x - 7*x - 84, -3*x - 70 = -4*v. Suppose -v*s + 22858 = -42534. Is s composite?
True
Let t(y) = 140*y**2 - 156*y - 1581. Is t(-10) a composite number?
True
Let f(i) = 15*i**3 + 3*i**2 - 6*i - 7. Let d = -374 - -382. Is f(d) prime?
True
Let n(q) = -7*q**3 - 32*q**2 - 10*q + 8. Let g be n(-10). Let i be 0 - -2770 - (-1)/1. Let m = g - i. Is m composite?
True
Suppose -3*d - 16 = d, w + 524 = 5*d. Let t = w + -124. Is ((-70)/20)/(2/t) prime?
False
Let p(n) = 11*n**3 + 9*n**2 - 8*n - 17. Let y be (40/14)/(96/42 + -2). Suppose 0 = 7*h - y*h + 15. Is p(h) composite?
False
Suppose -6*i - 3*z - 10357 = -8*i, 3*i - 15534 = 3*z. Let p = i + -1210. Is p a composite number?
False
Let j = 704 + -695. Suppose -157 = -f - j*i + 10*i, -f = -3*i - 157. Is f prime?
True
Let q = 12501 - -3612. Let y = q + -8614. Is y a prime number?
True
Suppose -m - 20 = -4*i, 5*i + 2*m = 6 + 19. Is (-1 + -5)/((-2)/17785*i) prime?
False
Let n(h) = 9*h - 21. Let p be n(4). Suppose -3*o = -3*l - 2*o + p, 2*l - 5*o = 23. Is (l - 1*-1152) + -5 composite?
False
Suppose 3*y = 4*i - 12, 5*i - y - 12 = 2*y. Let k be 3 + i + 105 + 1. Let v = k + -54. Is v a composite number?
True
Suppose -4480*g + 4479*g = -3*c + 808833, -g - 1078444 = -4*c. Is c composite?
True
Let o(x) = 7*x + 30. Let m be o(-3). Suppose -5*y = -m*y + 19556. Is y prime?
True
Suppose -28*l + 83621 = -132200 - 95343. Is l a composite number?
False
Let q(g) = 581*g**2 + 194*g + 67. Is q(26) composite?
False
Let m(o) = 3125*o + 164. Is m(21) a composite number?
False
Let q = 55 - 58. Is (-3 - (-18476)/q)*-3 a prime number?
False
Suppose 24257704 + 4077118 = 142*p. Is p composite?
True
Suppose 146 = a - 2*v, -4*a + 280 + 295 = -5*v. Is (-11 - -5) + -3 + a composite?
False
Let k be (-3)/(27/(-56)) + (-68)/306. Let f = k - 4. Suppose -2*a + 1500 = -f*s, -s + 2270 = 3*a - 0*s. Is a a composite number?
True
Suppose 6 = 3*g + 2*t - 13, -2*g - 4 = -2*t. Let r be 6/g + -1 - (1 + -2). Suppose r*y - 90 - 104 = 0. Is y composite?
False
Is (4/(-5))/(((-192)/1173168)/(20/6)) prime?
False
Let i(w) = 328*w**2 - 5*w - 3. Let q(k) = -k**3 - 8*k**2 + 8*k - 11. Let t be q(-9). Is i(t) a prime number?
True
Let c(f) = f**2 - 8*f + 8. Suppose 84 = 6*p + 8*p. Let j be -2*((-51)/p - 1*-1). Is c(j) prime?
True
Let x be (-18)/(-54) + (-8)/(-3). Suppose 6*n = n - y + 18171, 0 = -x*n - 3*y + 10893. Is n composite?
True
Suppose -11*n = -20*n + 2*n + 745633. Is n prime?
False
Suppose 4*d = 3*x + 7768, 0 = -5*d + 5*x + 4537 + 5178. Let t = 3113 - d. Is t a prime number?
False
Let h(m) = m**3 - 1. Let t be h(0). Is 426 + -14 - ((-2 - t) + 4) composite?
False
Let w be ((-27)/(-36))/((8/4)/96). Suppose 3*s - w*s = -105765. Is s a composite number?
True
Let v = 1360 + 1762. Let b = -1483 + v. Is b a composite number?
True
Let u be ((-9)/6)/((-6)/12). Suppose -2*w + 63 = 4*y - 383, 0 = y - u*w - 129. Suppose -2*p - 4*i + 264 = -y, 5*p = i + 923. Is p prime?
False
Let b(j) = 16*j - j**2 - 2*j + 35*j + 119 - 22. Is b(45) prime?
True
Suppose -88203 = 29*h - 30*h - 2*i, -5*i + 264613 = 3*h. Is h prime?
True
Let d(g) = 3*g - 48. Let q be d(19). Let p(w) = 1821*w + 19. Let y be p(q). Is (15/(-10))/((-12)/y) a composite number?
True
Let t(v) = -v**2 + 3*v - 4. Let u be t(6). Let m = 25 + u. Suppose 5*o - o - 117 = -x, m*o = -3*x + 378. Is x a composite number?
True
Let a = 79438 - -1051. Is a a composite number?
False
Let i(b) = -1. Let s(y) = -185*y**2 - y - 5. Let d(l) = -4*i(l) + s(l). Let u(o) be the first derivative of d(o). Is u(-3) prime?
True
Suppose -39875 - 1328362 = -13*l. Is l a composite number?
True
Suppose 7620 = 146*x - 145*x - 5*z, z = 2*x - 15231. Is x a prime number?
False
Is (-68348808)/(-504) - -2*2/14 a prime number?
True
Suppose -95*v + 90*v = -4*j + 1704861, 3*j - v = 1278632. Is j prime?
False
Let k(c) = 24*c**2 - 36*c - 73. Let q be k(-13). Suppose -9*j - q = -d - 7*j, -3*d = -3*j - 13347. Is d composite?
False
Let i be 34118*2 + 104/26. Is 3/(-4)*i/(-60) a composite number?
False
Let y = 264 + -261. Suppose -5 = -d, -3*v - y*d + 103541 = 38471. Is v composite?
True
Suppose 10*k = 5*k + 180. Suppose -k - 2264 = -2*q. Is 2 - (q/(-5) + -3) a composite number?
True
Let i(v) = 3*v**2 + v + 50. Let w be i(23). Suppose -7*o = 323 - w. Is o a composite number?
False
Let b = -76 + 69. Let i be b*(-1 - 25/(-35)). Is 646/i + -1 + (-156)/52 composite?
True
Suppose 27201 + 143244 = 15*a. Is a prime?
False
Suppose -2112623 = -8*o + 1800633. Is o a composite number?
False
Let r(j) = -4*j + 30. Let n be r(7). Suppose n*f - 393 = 1181. Is f a composite number?
False
Suppose 2*n = 3*v - 49, 3*v + 0*v + 2*n = 41.